*v + 4502. Give h(-50).
52
Let s(b) = -3*b**2 + 1024*b + 16921. Calculate s(-16).
-231
Let p(f) = -216915*f + 1301511. What is p(6)?
21
Let j(t) = 11*t**2 + 104*t - 558. Calculate j(-13).
-51
Let j(l) = l**3 + 5*l**2 + 5335*l + 32058. Determine j(-6).
12
Let d(w) = 187*w**2 + 2012*w + 176. Calculate d(-11).
671
Let f(u) = u**3 - 6*u**2 + 2230*u - 33412. Determine f(15).
2063
Let v(i) = -14*i**3 - 14*i**2 + 21*i - 6. Give v(1).
-13
Let i(n) = n**3 - 53*n**2 - 114*n - 101. Determine i(55).
-321
Let n(c) = -716*c**2 + 11470*c - 218. What is n(16)?
6
Let k(x) = 4*x**2 - 53*x - 1123. What is k(24)?
-91
Let p(j) = -j**3 + 2709*j**2 + 246141*j + 403. Determine p(-88).
-37
Let v(s) = 34056*s - 374589. What is v(11)?
27
Let n(b) = -1893*b - 815885. Determine n(-431).
-2
Let f(i) = -5*i**2 + 384*i - 3744. Determine f(65).
91
Let i(o) = 53256*o + 213078. Determine i(-4).
54
Let n(q) = -q**2 + 585947*q + 5859561. Give n(-10).
-9
Let z(l) = -19*l**2 + 438*l - 1732. What is z(4)?
-284
Let r(w) = -4*w**2 + 11707*w - 58478. Give r(5).
-43
Let g(w) = -8032*w + 4682672. What is g(583)?
16
Let r(y) = 8*y**2 + 135*y - 179. Give r(-18).
-17
Let w(d) = -20*d**3 + 122*d - 122. Give w(1).
-20
Let q(n) = 3468*n - 10382. What is q(3)?
22
Let x(n) = 6234*n - 11916. What is x(2)?
552
Let c(k) = -719*k - 7293. Determine c(-10).
-103
Let d(l) = -791638*l - 8708031. Determine d(-11).
-13
Let n(p) = 18*p**2 - 10177*p + 20352. What is n(2)?
70
Let z(k) = -k**3 - 3*k**2 + 63*k - 459. Calculate z(5).
-344
Let z(y) = -236*y - 4335. Calculate z(-27).
2037
Let l(h) = 2*h**2 + 1086634*h - 7606514. Give l(7).
22
Let l(j) = -34618*j - 103844. Determine l(-3).
10
Let t(z) = -130046*z + 2080739. What is t(16)?
3
Let u(h) = -2*h**2 - 157*h - 1515. What is u(-71)?
-450
Let v(h) = 130*h**2 + 9614*h - 477. Calculate v(-74).
-33
Let b(j) = -74*j**2 + 37150*j - 1020. Give b(502).
-16
Let x(t) = 6*t**2 - 101*t - 10522. What is x(50)?
-572
Let z(a) = 144*a + 7154. Determine z(-56).
-910
Let d(w) = -w**3 - 11178*w**2 - 256563*w + 50. What is d(-23)?
4
Let o(k) = -24285*k + 437110. Give o(18).
-20
Let w(p) = 4*p**2 + 13425*p - 120938. What is w(9)?
211
Let p(k) = -91*k**2 + 1084*k - 59. Calculate p(12).
-155
Let g(q) = -12*q**3 + 273*q**2 - 26*q + 1155. Give g(23).
-1030
Let g(t) = 23*t**2 - 127*t - 13330. Determine g(27).
8
Let s(w) = w**2 + 35327*w + 635554. What is s(-18)?
-8
Let u(t) = -t**3 + 6*t**2 + 272*t - 2481. Determine u(9).
-276
Let x(f) = 1160*f + 185594. Calculate x(-160).
-6
Let p(i) = -i**3 - 22*i**2 + 10*i + 191. What is p(-22)?
-29
Let r(c) = c**3 - 72*c**2 + 1230*c + 40. What is r(28)?
-16
Let n(j) = -3*j**2 - 1309*j - 115752. Determine n(-313).
58
Let m(j) = -28*j**2 + 1374*j - 14353. Give m(34).
-5
Let o(h) = 231*h**2 + 24288*h - 242. Determine o(-105).
-3707
Let c(z) = z**3 + 3*z**2 - 438*z + 2666. Calculate c(6).
362
Let h(o) = 7667*o + 628704. What is h(-82)?
10
Let l(o) = -5*o - 1539. Calculate l(-106).
-1009
Let m(a) = -a**3 + 1305*a**2 + 49652*a - 62. Calculate m(-37).
12
Let s(r) = -9796*r + 1097162. Determine s(112).
10
Let n(m) = 4*m**3 - 67*m**2 + 235*m - 192. Give n(2).
42
Let g(w) = 590196*w - 3541198. Calculate g(6).
-22
Let k(g) = 15*g**3 + 14*g**2 + 20*g - 73. Calculate k(-5).
-1698
Let y(s) = s**3 + 67*s**2 + 3388*s + 260711. Determine y(-71).
-1
Let r(c) = -4*c**3 + 50*c**2 - 93*c + 1206. Determine r(12).
378
Let b(l) = -5*l**3 - l**2 - 20*l - 834. What is b(0)?
-834
Let n(o) = 46*o**2 - 4698*o - 4235. Determine n(103).
-115
Let i(g) = 8*g**3 + 223*g**2 - 98*g - 1946. What is i(-28)?
14
Let m(b) = b**3 + 21*b**2 + 77*b - 408. Give m(-12).
-36
Let o(s) = s**3 + 5*s**2 - 1028*s - 4098. Give o(-4).
30
Let d(z) = z**2 + 3*z - 730. Determine d(-43).
990
Let p(a) = -31758*a + 1301972. Give p(41).
-106
Let j(i) = 2*i**3 + 112*i**2 - 1320*i - 17. Determine j(-66).
-17
Let k(u) = -4*u**2 + 1376*u - 102519. Determine k(109).
-59
Let d(w) = 99*w**2 - 1219*w - 48. Give d(12).
-420
Let w(z) = 146*z**3 + 2919*z**2 - 24*z - 83. What is w(-20)?
-3
Let z(f) = -2*f**3 + 61*f**2 + 7787*f - 198. What is z(-49)?
-2
Let s(q) = 1734*q + 3432. Calculate s(-2).
-36
Let v(r) = 283*r + 16492. Determine v(-72).
-3884
Let f(n) = n**2 + 100*n + 126. Calculate f(-40).
-2274
Let h(k) = 10935*k - 98211. Calculate h(9).
204
Let o(x) = -x**2 - 67*x + 124. Determine o(-10).
694
Let t(l) = 4*l**3 - 167*l**2 - 507*l + 18. Give t(-3).
-72
Let r(p) = 10*p**3 + 67*p**2 - 117*p - 504. Determine r(-8).
-400
Let y(u) = 3*u**3 - 100*u**2 + 65*u - 4631. Determine y(34).
-109
Let w(x) = x**2 - 123*x - 1224. Calculate w(143).
1636
Let z(i) = -6*i**2 - 973*i + 15822. Give z(-177).
69
Let g(p) = 3*p**3 - 172*p**2 + 1472*p - 710. Calculate g(47).
-5
Let h(q) = -62*q + 1156. Give h(18).
40
Let y(d) = -6123*d + 6484288. What is y(1059)?
31
Let n(v) = 67*v - 3286. Give n(52).
198
Let r(k) = -197*k + 2339. What is r(26)?
-2783
Let b(r) = 45158*r + 3251417. Determine b(-72).
41
Let u(p) = 22327*p - 223268. What is u(10)?
2
Let i(b) = 16750*b + 552615. Calculate i(-33).
-135
Let z(j) = 394*j + 45602. What is z(-117)?
-496
Let r(m) = 194*m**2 - 3880*m - 13. Calculate r(20).
-13
Let p(o) = 10*o**2 - 2206*o + 73105. Give p(180).
25
Let z(b) = 842*b + 18647. Determine z(-22).
123
Let u(i) = i**3 - 23*i**2 + 1240*i - 30344. Give u(24).
-8
Let k(g) = 888*g + 60156. What is k(-68)?
-228
Let y(b) = -b**2 + 32*b + 39635. Give y(-184).
-109
Let q(m) = 8182*m + 679057. Calculate q(-83).
-49
Let m(o) = -379*o**2 - 48*o + 53. Determine m(1).
-374
Let h(s) = -163*s**2 + 4101*s - 25383. Determine h(11).
5
Let u(c) = c**3 + 38*c**2 + 343*c + 99. What is u(-14)?
1
Let f(w) = -2615*w + 10747. What is f(4)?
287
Let w(s) = -21114*s + 84186. What is w(4)?
-270
Let j(c) = -49613*c + 1538013. Give j(31).
10
Let j(r) = -293*r + 335. Calculate j(3).
-544
Let f(t) = 27287*t - 736751. What is f(27)?
-2
Let z(r) = -316*r - 4914. Give z(-15).
-174
Let q(d) = 1336*d**3 - 5*d**2 - 54*d - 47. What is q(-1)?
-1334
Let v(i) = 23*i**3 - 7*i**2 - 184*i + 749. Calculate v(4).
1373
Let y(z) = -881*z + 3499. Give y(6).
-1787
Let n(w) = -200*w + 4670. What is n(27)?
-730
Let v(s) = -s**3 + 256*s**2 - 2715*s + 4768. What is v(245)?
-132
Let p(d) = -d**2 + 6177*d - 49359. Determine p(8).
-7
Let f(t) = 37902*t - 54995793. Calculate f(1451).
9
Let m(r) = 2239408*r - 11197036. Calculate m(5).
4
Let k(x) = -8*x**2 - 890*x + 54245. Determine k(-155).
-5
Let c(s) = 12926*s + 38787. Give c(-3).
9
Let b(c) = -8*c**3 - 8*c**2 + 14*c + 46. Determine b(-4).
374
Let k(u) = -u**3 + 280*u**2 + 13523*u - 37. Determine k(-42).
5
Let a(c) = c**3 + 43*c**2 + 4*c + 995. Calculate a(-43).
823
Let w(r) = -254*r**2 + 3110*r - 745. Calculate w(12).
-1
Let w(v) = v**3 + 115*v**2 - 24084*v. Calculate w(-223).
0
Let s(n) = 3*n**2 + 93*n + 262. Determine s(-37).
928
Let g(y) = 2*y**3 + 262*y**2 - 5*y - 394. Give g(-131).
261
Let a(y) = y**3 - 9610*y**2 + 143917*y + 125. Determine a(15).
5
Let l(t) = 10311*t - 18. Give l(0).
-18
Let i(u) = -183*u + 4216. Determine i(21).
373
Let r(b) = -87727*b + 526361. Give r(6).
-1
Let t(u) = -111*u**2 - 15091*u + 369. Determine t(-136).
-311
Let f(v) = 34*v + 1405. What is f(-51)?
-329
Let d(a) = 2*a**2 - 19977*a - 219981. Give d(-11).
8
Let n(q) = -q**3 - 25*q**2 + 421*q + 392. Determine n(-36).
-508
Let x(s) = 419*s + 2824. What is x(-2)?
1986
Let j(s) = 197642*s + 26484027. Determine j(-134).
-1
Let u(s) = -3*s**3 - 168*s**2 - 388*s + 4717. Give u(-53).
0
Let m(z) = -1320*z - 39535. Determine m(-30).
65
Let f(x) = 130538*x - 652696. What is f(5)?
-6
Let m(s) = 117*s**2 + 17893*s - 1508. What is m(-153)?
-284
Let v(q) = 18648*q + 1193477. Determine v(-64).
5
Let q(y) = -8*y**3 - 703*y**2 - 613*y - 348. What is q(-87)?
0
Let p(k) = 72*k**3 + 12*k**2 + 542*k - 557. Give p(1).
69
Let i(a) = -a**3 - 25*a**2 + 485*a - 341. Determine i(-38).
1
Let m(r) = r**2 - 452*r + 3897. Give m(9).
-90
Let d(l) = l**3 + 4*l**2 + 477*l + 4095. Determine d(-8).
23
Let y(q) = 5*q**3 + 141*q**2 - 41*q + 2186. Give y(-29).
11
Let a(r) = 5*r**2 - 1186*r + 69006. Calculate a(135).
21
Let a(q) = -75*q**2 + 1210*q - 80. What is a(16)?
80
Let m(k) = -2*k**3 - 410*k**2 + 14*k + 2893. Calculate m(-205).
23
Let x(d) = -2*d**3 - 130*d**2 - 21*d - 1445. Determine x(-65).
